 37145188226 composite?
True
Is 127154610977 composite?
False
Is 4193738441 a composite number?
False
Is 15565946183 prime?
True
Is 2487947405 a prime number?
False
Is 323968129 a prime number?
False
Is 64326006803 a prime number?
False
Is 15667007197 a composite number?
True
Is 5550781447 prime?
False
Is 37365212657 composite?
False
Is 1966022923 composite?
True
Is 751634777 a prime number?
True
Is 18277258687 a prime number?
True
Is 349676671 composite?
False
Is 20652955507 prime?
True
Is 136179565 composite?
True
Is 4811298523 a composite number?
True
Is 31612423 a prime number?
True
Is 8378927005 a composite number?
True
Is 1262378267 a prime number?
True
Is 315637141 a prime number?
True
Is 183738711127 prime?
True
Is 3223883329 composite?
True
Is 4244864159 prime?
True
Is 9971012089 composite?
False
Is 77455531 a prime number?
True
Is 58811433467 prime?
True
Is 1155271963 composite?
False
Is 564114671 a prime number?
True
Is 48857922941 a composite number?
False
Is 136951469 a prime number?
True
Is 109964611 composite?
True
Is 7387121087 a composite number?
False
Is 8582118029 a prime number?
True
Is 7554585743 prime?
False
Is 32032618753 a composite number?
True
Is 8057654399 prime?
True
Is 8447461277 composite?
False
Is 1382553103 a composite number?
True
Is 25584452407 a prime number?
True
Is 404681107 composite?
True
Is 678614879 prime?
False
Is 7678422197 composite?
True
Is 30169402091 a composite number?
False
Is 23176367 composite?
True
Is 1598366747 a composite number?
False
Is 31012726603 composite?
False
Is 486337595 a composite number?
True
Is 199046315603 prime?
False
Is 2539305481 composite?
False
Is 219713467 prime?
False
Is 235620433 composite?
True
Is 1296089699 a composite number?
False
Is 1904915746 composite?
True
Is 741515707 a composite number?
True
Is 6208095659 composite?
False
Is 6434325059 a prime number?
False
Is 8846655401 a composite number?
True
Is 110889915737 a composite number?
False
Is 161152549 a composite number?
True
Is 2720083 prime?
False
Is 37028874673 a composite number?
True
Is 13122011369 composite?
False
Is 796579491 prime?
False
Is 29003837 a prime number?
False
Is 111071869763 composite?
True
Is 7943169857 prime?
False
Is 13639729973 prime?
True
Is 1300174241 composite?
True
Is 8736514543 a prime number?
False
Is 1607880187 a prime number?
False
Is 3499981973 a prime number?
True
Is 2670697387 composite?
True
Is 14337700493 prime?
True
Is 5679803351 composite?
False
Is 7915280777 a composite number?
True
Is 53871969 a composite number?
True
Is 15629594767 prime?
True
Is 621054611 prime?
True
Is 1173159787 prime?
True
Is 733572751 composite?
False
Is 421369709 a prime number?
True
Is 5949828259 a prime number?
True
Is 5939972011 composite?
False
Is 26786861671 a prime number?
True
Is 1371708899 prime?
False
Is 2799203903 prime?
True
Is 621794573 a prime number?
True
Is 1162039457 a prime number?
False
Is 27006435149 a composite number?
True
Is 417742067 composite?
False
Is 1577746207 a prime number?
True
Is 880619681 composite?
True
Is 3442881197 a prime number?
False
Is 2444397281 a composite number?
True
Is 434531963 a composite number?
False
Is 968507081 composite?
False
Is 267393361 prime?
True
Is 595622767 composite?
True
Is 29650278533 composite?
True
Is 429333802 prime?
False
Is 311951909 a prime number?
False
Is 2297174757 composite?
True
Is 882800351 a prime number?
True
Is 5053093273 composite?
True
Is 671995698161 composite?
False
Is 3424814741 a prime number?
False
Is 19820678939 a composite number?
True
Is 275870657 composite?
False
Is 38712659 composite?
True
Is 73376282323 prime?
True
Is 67291919047 prime?
True
Is 247400513 composite?
False
Is 12138466411 prime?
True
Is 13926749467 a prime number?
True
Is 22150883 a composite number?
False
Is 15921377473 a prime number?
False
Is 4785477871 a prime number?
False
Is 22894650677 prime?
False
Is 1508477647 a prime number?
False
Is 1079731687 composite?
True
Is 3148918427 composite?
False
Is 2008448581 prime?
False
Is 75526747811 a composite number?
True
Is 24337147727 prime?
False
Is 3281530159 composite?
True
Is 24334216367 a composite number?
True
Is 12079182191 a composite number?
False
Is 9489620291 a prime number?
True
Is 562147591 a prime number?
True
Is 20758186237 a prime number?
True
Is 5190776473 a prime number?
True
Is 18071963011 prime?
False
Is 8371777886 prime?
False
Is 31465517 prime?
False
Is 1357061473 a composite number?
False
Is 26704389445 a prime number?
False
Is 1198490159 a prime number?
False
Is 6789873647 a composite number?
False
Is 111135727691 a composite number?
True
Is 53360024147 prime?
False
Is 9135630677 prime?
True
Is 6664871767 a composite number?
True
Is 160141603 a composite number?
False
Is 1086376387 a prime number?
False
Is 5466174621 prime?
False
Is 4291229 prime?
False
Is 560623249 prime?
True
Is 6874641793 prime?
False
Is 3391704791 a composite number?
True
Is 2059433303 a prime number?
True
Is 161700718837 a composite number?
True
Is 19165306837 a composite number?
False
Is 102569049481 a prime number?
False
Is 4941534043 prime?
False
Is 534788731 prime?
False
Is 795308947 a composite number?
True
Is 10907482769 a composite number?
False
Is 225780861 a prime number?
False
Is 6295608569 prime?
False
Is 26526655387 a prime number?
True
Is 58215491813 composite?
False
Is 4604973281 a composite number?
False
Is 15358996459 prime?
False
Is 432933211 prime?
True
Is 27414119 composite?
False
Is 20099549255 composite?
True
Is 8196353267 prime?
False
Is 3975077929 prime?
True
Is 4020300139 prime?
False
Is 2738344249 a prime number?
False
Is 24926231243 composite?
False
Is 7795926443 a prime number?
True
Is 5127347699 prime?
False
Is 2218672447 a prime number?
True
Is 223117481 prime?
True
Is 24661514653 a composite number?
True
Is 26201300351 composite?
False
Is 7411288667 prime?
True
Is 672701483 composite?
False
Is 27595022129 a prime number?
True
Is 16172957369 composite?
False
Is 60360746119 composite?
True
Is 4476698987 a prime number?
False
Is 651187619 composite?
False
Is 2730671843 a composite number?
False
Is 149858604377 a prime number?
True
Is 30896869609 composite?
True
Is 17622547 a composite number?
False
Is 3829543571 a composite number?
True
Is 11615690501 a composite number?
False
Is 3325395367 prime?
False
Is 52488842401 prime?
False
Is 4226809243 composite?
True
Is 19770043247 prime?
True
Is 774513241 prime?
True
Is 83437819 a composite number?
True
Is 16256182109 prime?
True
Is 613169533 composite?
True
Is 1647373961 a composite number?
False
Is 93291199 composite?
False
Is 9856347229 prime?
True
Is 52201457291 prime?
True
Is 1081687877 a composite number?
False
Is 644593973 prime?
True
Is 35732276519 prime?
True
Is 49895380079 prime?
True
Is 59538608737 composite?
True
Is 90895661245 prime?
False
Is 96853656737 a prime number?
True
Is 637418069 a prime number?
False
Is 898307323 composite?
True
Is 3930392423 prime?
True
Is 2603409091 a prime number?
False
Is 366446803 a prime number?
True
Is 1843827121 a prime number?
True
Is 4206465853 composite?
False
Is 10499645293 composite?
True
Is 92552927 a composite number?
True
Is 28199616409 prime?
False
Is 4655963639 prime?
True
Is 9580033907 a prime number?
False
Is 1422721543 a composite number?
False
Is 41521559 composite?
False
Is 112501271039 a composite number?
False
Is 6198327797 a composite number?
False
Is 75918792553 a prime number?
False
Is 1622360903 a composite number?
True
Is 10293813221 a prime number?
False
Is 292869487 a prime number?
False
Is 98971918789 a prime number?
True
Is 2945767063 a prime number?
True
Is 21664457 a composite number?
False
Is 1207152253 a prime number?
True
Is 3341824007 composite?
False
Is 136551823 prime?
True
Is 119944367677 composite?
False
Is 1899887965 a composite number?
True
Is 16393224901 a composite number?
True
Is 1269824783 prime?
True
Is 726767621 composite?
False
Is 643623977 a composite number?
False
Is 20190798991 prime?
False
Is 14935479781 a composite number?
True
Is 555596203 composite?
False
Is 24157007201 prime?
True
Is 7910064737 prime?
False
Is 9418466047 a composite number?
False
Is 8174269221 composite?
True
Is 28544668741 a composite number?
True
Is 63273227 prim